nd 11?
11
Let y = -87 + 132. Suppose y = -2*o + 5*o. Let s(c) = 2*c**3 - c**2 - c + 3. Let r be s(3). What is the greatest common divisor of o and r?
15
Suppose -2*t + 3*u + 22 = 0, 4*t - 2*u + 11 - 55 = 0. What is the highest common factor of 33 and t?
11
Let c(m) = -m**2 - 3*m - 1. Let v be c(-4). Let y = 9 + v. Calculate the greatest common factor of y and 8.
4
Suppose 0 = -5*x + q + 130, -2*q + 4 = 14. Let j = 14 - 21. Let d = -2 - j. Calculate the highest common divisor of x and d.
5
Suppose -10 = -0*y + 2*y, y + 25 = -5*a. Let b = 17 + a. Calculate the highest common factor of b and 13.
13
Let b(s) = 4*s**3 + 4*s**2 - 3*s. Let c(z) = -z**3 - 5*z**2 + 7*z + 8. Let t be c(-6). Let f be b(t). What is the greatest common divisor of f and 28?
14
Let t(a) = 11 + 2*a + 2*a - 5*a. Let p be 6/(-2)*(-8)/3. Let l be t(p). Calculate the greatest common divisor of l and 33.
3
Let n be ((-3)/(27/300))/(8/(-12)). What is the greatest common factor of 125 and n?
25
Let n = 75 - 61. Calculate the highest common factor of 350 and n.
14
Suppose 14 = 2*p - 10. Suppose -3*i + 2*c = 2*i - 172, -p = -3*c. What is the highest common divisor of i and 24?
12
Let z = 25 + 41. Suppose 3 = 3*y, 0 = -0*t + 5*t + 3*y - 13. Suppose -i - t*i = -9, 0 = 5*c - i - 27. Calculate the highest common factor of c and z.
6
Let k(f) = 2*f - 7. Let x be k(6). Suppose -x*t + 12 + 13 = 0. Calculate the greatest common divisor of 5 and t.
5
Let u be (-2)/(-4) + (-390)/(-4). Calculate the greatest common factor of u and 14.
14
Let k(s) = s**2 - 8*s + 2. Let c be k(7). Let t be c/((-1)/(-13)*-1). What is the highest common factor of t and 13?
13
Suppose -46 = -3*v + 4*m, 1 = -m - 0. Suppose -4*c = -6*f + 9*f + 4, 12 = -3*f. What is the greatest common divisor of v and c?
2
Let y = -5 - -4. Let i(g) = -4*g - 1. Let k be i(y). Calculate the highest common divisor of k and 9.
3
Let g be -40*4/(-8) + 2. What is the greatest common factor of g and 176?
22
Suppose 0*f = -5*g + f, -5*g = -4*f + 15. Suppose 5*a + g = 21. Suppose 5*s + 53 = 2*o, -a*o = 3*s - 6*s - 71. What is the greatest common divisor of o and 21?
7
Let a = 53 + -32. Let y = -5 - -8. Calculate the greatest common divisor of a and y.
3
Suppose -110 = -q + 982. Let y be 2/(-6) - q/(-9). Suppose 2*z - 59 = -o, 3*z - 9*o - y = -4*o. What is the greatest common factor of z and 16?
16
Let r be (-2 - 2) + 4/2. Let h be (r/(-3))/(4/(-12)). Let w be (-5 - h)/(6/(-16)). What is the highest common factor of 16 and w?
8
Let f be -1 + 2 + 1/(-1). Suppose o + f*o = 42. Suppose o + 86 = 4*d. What is the greatest common divisor of d and 80?
16
Let w(q) = -3*q**3 + 4*q + 4. Let t be w(-2). What is the greatest common factor of t and 5?
5
Suppose -2*q + 87 - 27 = 0. Let d be q/(-9)*(-18)/5. What is the greatest common factor of 60 and d?
12
Let p = 10 + -18. Let m = p - -9. What is the highest common factor of 4 and m?
1
Suppose 81*c - 78*c = 60. Suppose -2*m - 3*q + 77 = -2*q, -3*m = -q - 123. Calculate the greatest common factor of c and m.
20
Let c = 38 - 26. What is the greatest common divisor of 48 and c?
12
Let u(w) = -w**2 + 4*w - 1. Let i be u(2). Suppose -i*f = 2*f - 90. What is the greatest common divisor of f and 6?
6
Suppose -d - 1 - 5 = -q, -4*d = -12. Suppose 4*b = 129 + 159. What is the greatest common divisor of q and b?
9
Suppose 2*q - 3*t = -8, 3*t = t + 8. Calculate the highest common factor of q and 10.
2
Let b be ((-24)/14)/(10/(-175)). Suppose -b = 3*w + 3*y, 3*w + 26 = 4*y - 9*y. Let q = w + 17. What is the greatest common divisor of q and 40?
5
Let s = -16 + 50. Calculate the greatest common factor of 306 and s.
34
Let r be 39 + (2 - 2)/(-9 - -5). Calculate the highest common divisor of r and 156.
39
Let c(a) = -1 + 1 + a - 4. Let b be c(4). Suppose -2*d + 3*k = -2*k - 39, b = 5*d + 2*k - 25. What is the highest common divisor of d and 7?
7
Let k(f) = -f**2 - 7*f + 8. Let r be k(-7). Let b be (18/3)/(1/2). What is the greatest common divisor of b and r?
4
Let v be -5 - (0 + -4) - -4. Suppose -v*b - c + 29 = 0, 3*c = 2*b - 5*b + 33. Calculate the greatest common divisor of 72 and b.
9
Let w = 310 + -160. What is the greatest common factor of 15 and w?
15
Let s(p) be the first derivative of -p**4/4 + 5*p**3/3 + 3*p**2/2 - 4*p - 2. Let m be s(4). Calculate the highest common divisor of 6 and m.
6
Suppose -w - 5*q = -5*w + 17, 0 = -3*w + 5*q + 9. Let v be w/3 - (-1)/3. Let z be 68 - v/(9/(-6)). What is the highest common factor of 14 and z?
14
Let q(k) = -5*k + 5. Let x(z) = z**3 + 3*z**2 + z - 4. Let p be x(-3). Let y be q(p). What is the greatest common divisor of 16 and y?
8
Let c(l) = -26*l + 3. Let f be c(-3). What is the highest common factor of 27 and f?
27
Let y be 7/3*(5 - 2). Suppose 2*d = y*d - 120. What is the highest common factor of 6 and d?
6
Let b be 8 - 8 - (0 - 1). What is the greatest common factor of 25 and b?
1
Let i be ((-6)/(-4) - 0)*14. Suppose 0 = 4*m + 9 - 61. Let k = i - m. What is the highest common divisor of k and 4?
4
Let q be 310 + 5 - 4 - -4. What is the greatest common factor of 35 and q?
35
Suppose -3*a - n + 19 = -3*n, 2*a - 3*n - 21 = 0. Suppose -a*r + 84 = -r. Let f be (-43)/(-3) + (-3)/9. What is the greatest common factor of f and r?
14
Let c(v) = -v**3 + 2*v**2 + 4*v. Let s be 3 + (0/1)/(-1). Let n be c(s). Calculate the greatest common factor of n and 33.
3
Suppose 50 = 8*r - 3*r. Let q be (-34)/6 - 1/3. Let b = q + r. What is the highest common factor of 36 and b?
4
Let f(m) = 2*m**2 + 9*m - 12. Let l be f(-8). Calculate the highest common divisor of 11 and l.
11
Let g(o) = -o**3 + 11*o**2 - 10*o + 14. Let k be g(10). What is the highest common divisor of k and 14?
14
Suppose 14*y - 168 = 2*y. Calculate the highest common divisor of 182 and y.
14
Suppose -3*s - 2*l + 18 - 46 = 0, 5*s - 4*l + 10 = 0. Let y = s + 5. Let w = 7 - y. Calculate the highest common factor of w and 20.
4
Suppose -102 = 10*n - 13*n. Calculate the greatest common divisor of 51 and n.
17
Suppose x + 100 = 15. Let v = 149 + x. Let z = -24 + v. Calculate the highest common factor of 5 and z.
5
Let d be (-1)/(-2) + 38/4. Let m = 1 - -3. Suppose 5*p - 16 = m. Calculate the highest common divisor of p and d.
2
Suppose 126 = 12*r - 9*r. Calculate the highest common factor of 14 and r.
14
Let l be 2 + (-8*8)/(-4). Let t(g) = g + 9. Let u be t(0). What is the highest common factor of u and l?
9
Suppose 2*n + 0*n - 67 = -l, l = 4*n - 149. What is the greatest common divisor of n and 24?
12
Let n be -4*1/1 + -70. Let f be (-3)/(-2) + n/(-4). What is the highest common factor of f and 8?
4
Let t be (0 - -8)/(8 - 6). Let i = t + 3. Calculate the highest common divisor of i and 56.
7
Let z(d) = -d**2 + 20*d + 24. Let y be z(21). What is the greatest common divisor of y and 5?
1
Let v = 10 + -8. What is the greatest common factor of 14 and v?
2
Let y(v) = 13*v - 20. Let n be y(3). What is the highest common factor of n and 114?
19
Let t = -1 - -15. Let p(i) = i**3 - 2*i**2 + 2. Let k be p(2). Suppose -196 = k*y - 4*y. Calculate the highest common divisor of y and t.
14
Suppose 3*m + 3*t = 21, 2*m + 10 = 7*t - 3*t. Let a be m - 6*2/(-4). Calculate the greatest common factor of a and 15.
3
Suppose -1 = 5*c - 5*a - 6, -4*c = -a - 7. Let f(g) = 7*g. Let i be f(c). Suppose -10 = -2*v + i. Calculate the highest common divisor of v and 96.
12
Let n = 12 - 11. Let t be (n + 0)*(-363)/(-3). What is the greatest common factor of t and 11?
11
Suppose x - 5 = -x + c, -3*x = -2*c - 7. Calculate the greatest common divisor of 3 and x.
3
Let l be (-1 + (-27)/(-12))*4. Suppose -f = f - 3*j - 76, 0 = -2*f - 3*j + 64. What is the highest common divisor of f and l?
5
Let n = -4 + 14. Let m be 10/(0 + 4/10). What is the highest common divisor of m and n?
5
Let l(x) = 16*x. Let i be l(3). Calculate the highest common factor of 6 and i.
6
Suppose -4*k = 7*k - 154. What is the greatest common divisor of k and 98?
14
Let h be 2/(2/(26/1)). What is the highest common factor of 104 and h?
26
Let r be 1*(6/1 - 1). Let p be ((-10)/(-15))/(1/9). Let w be ((-30)/9)/((-4)/p). Calculate the greatest common divisor of r and w.
5
Let p = 29 + -9. Calculate the greatest common factor of 30 and p.
10
Let w be 3/4 + (-18)/(-8). Suppose -128 = -w*j + o, 3*